tors of 563355.
3, 5, 13, 107
List the prime factors of 6893077.
23, 299699
What are the prime factors of 615462?
2, 3, 67, 1531
What are the prime factors of 4125422?
2, 7, 294673
What are the prime factors of 28450422?
2, 3, 7, 11, 13, 1579
What are the prime factors of 655423?
163, 4021
List the prime factors of 3451940.
2, 5, 172597
List the prime factors of 106011.
3, 11779
What are the prime factors of 207408?
2, 3, 29, 149
What are the prime factors of 1576988?
2, 7, 17, 3313
List the prime factors of 361006.
2, 180503
List the prime factors of 4542211.
4542211
What are the prime factors of 671985?
3, 5, 109, 137
What are the prime factors of 101977?
101977
List the prime factors of 685526.
2, 353, 971
What are the prime factors of 2853143?
773, 3691
What are the prime factors of 104551?
104551
What are the prime factors of 72124?
2, 13, 19, 73
List the prime factors of 10280540.
2, 5, 23, 22349
List the prime factors of 204301.
204301
What are the prime factors of 44164?
2, 61, 181
What are the prime factors of 959372?
2, 239843
List the prime factors of 64881.
3, 89
What are the prime factors of 1944499?
1944499
What are the prime factors of 7249457?
7249457
What are the prime factors of 1105951?
7, 11, 53, 271
What are the prime factors of 835236?
2, 3, 23201
List the prime factors of 58740.
2, 3, 5, 11, 89
List the prime factors of 8315340.
2, 3, 5, 11, 43, 293
What are the prime factors of 700501?
53, 13217
List the prime factors of 396136.
2, 13, 293
List the prime factors of 2071771.
13, 23, 41
List the prime factors of 2152753.
2152753
What are the prime factors of 1297961?
7, 26489
What are the prime factors of 4848907?
7, 149, 4649
What are the prime factors of 3511576?
2, 263, 1669
List the prime factors of 179751.
3, 11, 13, 419
List the prime factors of 182571.
3, 19, 3203
What are the prime factors of 95368?
2, 7, 13, 131
What are the prime factors of 2596705?
5, 619, 839
What are the prime factors of 569706?
2, 3, 94951
What are the prime factors of 2429975?
5, 37, 71
What are the prime factors of 6402103?
467, 13709
List the prime factors of 125032.
2, 15629
List the prime factors of 2143860.
2, 3, 5, 35731
List the prime factors of 17819538.
2, 3, 11, 109, 2477
What are the prime factors of 5191924?
2, 353, 3677
List the prime factors of 28083723.
3, 233, 40177
What are the prime factors of 189806?
2, 94903
List the prime factors of 1297445.
5, 41, 6329
List the prime factors of 1098322.
2, 549161
What are the prime factors of 1134261?
3, 193, 653
What are the prime factors of 7155699?
3, 31, 76943
What are the prime factors of 104680?
2, 5, 2617
What are the prime factors of 2467348?
2, 13, 23, 2063
What are the prime factors of 1841042?
2, 7, 107, 1229
What are the prime factors of 18249818?
2, 47, 149, 1303
List the prime factors of 178995.
3, 5, 11933
List the prime factors of 197165.
5, 47, 839
List the prime factors of 387604.
2, 7, 109, 127
What are the prime factors of 249899?
13, 47, 409
What are the prime factors of 1502129?
109, 13781
List the prime factors of 211684.
2, 11, 17, 283
What are the prime factors of 23986173?
3, 7995391
What are the prime factors of 60850?
2, 5, 1217
What are the prime factors of 100270?
2, 5, 37, 271
What are the prime factors of 1206392?
2, 11, 13709
What are the prime factors of 4273386?
2, 3, 13, 54787
List the prime factors of 1449797.
29, 49993
List the prime factors of 3989377.
7, 37, 73, 211
List the prime factors of 260580.
2, 3, 5, 43, 101
What are the prime factors of 586633?
586633
What are the prime factors of 2046231?
3, 11, 1879
What are the prime factors of 1593682?
2, 17, 19, 2467
What are the prime factors of 4333026?
2, 3, 19, 191, 199
List the prime factors of 2115500.
2, 5, 4231
What are the prime factors of 880194?
2, 3, 7, 19, 1103
What are the prime factors of 211051?
211051
What are the prime factors of 9168911?
9168911
What are the prime factors of 188540?
2, 5, 11, 857
List the prime factors of 2959732.
2, 23, 53, 607
What are the prime factors of 17773603?
53, 443, 757
What are the prime factors of 379110?
2, 3, 5, 12637
List the prime factors of 8929186.
2, 7, 269, 2371
List the prime factors of 499522.
2, 379, 659
What are the prime factors of 227316?
2, 3, 19, 997
List the prime factors of 9004837.
139, 64783
What are the prime factors of 15967109?
331, 48239
What are the prime factors of 1903370?
2, 5, 7, 27191
What are the prime factors of 714882?
2, 3, 7, 17021
What are the prime factors of 32025?
3, 5, 7, 61
What are the prime factors of 17922505?
5, 17, 210853
What are the prime factors of 193546?
2, 29, 47, 71
List the prime factors of 1091669.
47, 23227
What are the prime factors of 138574?
2, 193, 359
List the prime factors of 13619513.
13619513
List the prime factors of 507624.
2, 3, 13, 1627
List the prime factors of 5952300.
2, 3, 5, 19841
List the prime factors of 1089369.
3, 4483
What are the prime factors of 17938643?
23, 137, 5693
List the prime factors of 55318.
2, 17, 1627
What are the prime factors of 3718906?
2, 1859453
List the prime factors of 108567.
3, 4021
List the prime factors of 936227.
936227
List the prime factors of 3699695.
5, 31, 23869
List the prime factors of 5137988.
2, 29, 44293
What are the prime factors of 605634?
2, 3, 193, 523
List the prime factors of 46890.
2, 3, 5, 521
List the prime factors of 185390.
2, 5, 18539
What are the prime factors of 42492?
2, 3, 3541
List the prime factors of 2820266.
2, 17, 109, 761
What are the prime factors of 143068?
2, 47, 761
List the prime factors of 177192.
2, 3, 23, 107
What are the prime factors of 526815?
3, 5, 23, 509
List the prime factors of 1595471.
67, 23813
What are the prime factors of 2077371?
3, 230819
List the prime factors of 1101034.
2, 11, 50047
What are the prime factors of 1563763?
613, 2551
List the prime factors of 366407.
131, 2797
List the prime factors of 4534023.
3, 13, 116257
What are the prime factors of 299733?
3, 7, 2039
List the prime factors of 2198058.
2, 3, 366343
List the prime factors of 7906059.
3, 7, 59, 709
What are the prime factors of 7849622?
2, 11, 19, 89, 211
List the prime factors of 8170298.
2, 31, 131779
List the prime factors of 153016.
2, 31, 617
What are the prime factors of 2762567?
2762567
List the prime factors of 528119.
29, 18211
What are the prime factors of 296315?
5, 59263
What are the prime factors of 2836366?
2, 13, 43, 59
What are the prime factors of 1860153?
3, 620051
List the prime factors of 151599.
3, 7, 7219
What are the prime factors of 588901?
211, 2791
List the prime factors of 1034516.
2, 7, 36947
What are the prime factors of 6158995?
5, 1231799
List the prime factors of 1581680.
2, 5, 17, 1163
List the prime factors of 3461627.
13, 20483
List the prime factors of 2985115.
5, 7, 17, 29, 173
List the prime factors of 9873682.
2, 7, 13, 54251
What are the prime factors of 181529?
167, 1087
List the prime factors of 1088414.
2, 373, 1459
What are the prime factors of 14703431?
347, 42373
What are the prime factors of 291400?
2, 5, 31, 47
List the prime factors of 21121125.
3, 5, 151, 373
List the prime factors of 3564701.
7, 23, 3163
List the prime factors of 2856500.
2, 5, 29, 197
List the prime factors of 3156.
2, 3, 263
What are the prime factors of 127923?
3, 42641
What are the prime factors of 467504?
2, 61, 479
List the prime factors of 9523151.
11, 865741
List the prime factors of 249927.
3, 227, 367
List the prime factors of 298005.
3, 5, 19867
List the prime factors of 120738.
2, 3, 20123
List the prime factors of 451121.
11, 41011
What are the prime factors of 470364?
2, 3, 19, 2063
What are the prime factors of 196562?
2, 29, 3389
What are the prime factors of 1958437?
13, 150649
List the prime factors of 10491091.
13, 17, 37, 1283
List the prime factors of 193751.
193751
List the prime factors of 1254852.
2, 3, 1291
List the prime factors of 2765047.
37, 74731
List the prime factors of 10453570.
2, 5, 61, 17137
What are the prime factors of 165889?
19, 8731
What are the prime factors of 125989?
19, 349
List the prime factors of 1489.
1489
List the prime factors of 967433.
677, 1429
List the prime factors of 30051817.
167, 179951
What are the prime factors of 8841931?
7, 1263133
What are th